 3*d**2 + d + 1. Let i(w) = 5*b(w) - u(w). Calculate i(0).
4
Suppose 0*z = -3*z + 9. Let n = -2 + z. Suppose n = 2*g + 13. Let i(u) = u**3 + 7*u**2 + 8*u + 9. Give i(g).
-3
Let i(o) = -13*o**2 - o + 1. Let d(t) = t**2. Let a(c) = -6*d(c) - i(c). Let k be 2/(-4)*0 - -1. Give a(k).
7
Let m(x) be the third derivative of x**5/60 - x**3/6 - 121*x**2. Suppose 1 = q - 0*q. Determine m(q).
0
Let s(w) be the third derivative of -1/120*w**6 - 5/6*w**3 + 5/24*w**4 + 0*w + 2*w**2 + 1/20*w**5 + 0. Calculate s(4).
-1
Let g(p) = -p - 5 + 0*p**2 - 2*p**2 - 2*p**2 + 3*p**2. Let u be g(0). Let b(o) = o + 2. What is b(u)?
-3
Let u(q) be the first derivative of -q**3/3 - q**2/2 - 3*q + 13. What is u(0)?
-3
Let a(n) = -n - 4. Suppose -5*i + 10 = -3*s, 5*i - 4*s + 30 = -9*s. Let p = 1 + 0. Let d be (i + 0)/(p/(-4)). Calculate a(d).
-8
Let m be (-3 - -4) + 2 + 1. Let d(w) be the third derivative of 0 + 1/6*w**4 + 4*w**2 - 1/3*w**3 - 1/60*w**5 + 0*w. Give d(m).
-2
Let t(c) = 5 + 0*c + c**2 + 6*c**2 + 3*c - 6*c**2. Calculate t(-4).
9
Let v = -2 - -2. Suppose -l - 6 = -v. Let n(h) = h + 1. Let z be n(l). Let k(u) = u**2 + 4*u - 7. Give k(z).
-2
Let k(m) be the first derivative of -m**4/4 - m**3/3 + 2*m**2 + 3*m - 2. Calculate k(-2).
-1
Let s(g) = 17*g - 7. Let j(m) = -8*m + 3. Let r(v) = 9*j(v) + 4*s(v). Let x(n) = n**3 + 14*n**2 + 12*n - 14. Let q be x(-13). What is r(q)?
3
Let v(d) be the second derivative of d**4/24 + 5*d**3/6 + 2*d**2 - 5*d. Let c(i) be the first derivative of v(i). Let t = 11 + -16. Give c(t).
0
Let z(f) = -f**3 - 5*f**2 + 5*f - 8. Let y = -1 - 5. Determine z(y).
-2
Let x be 5/(-7) + 2/(-7). Let n(p) = 17*p**3 - 5*p**2 - 6. Let i(h) = h**3 - h**2 - 1. Let q(z) = 6*i(z) - n(z). What is q(x)?
10
Let f(w) = -5*w**2 - w. Let m(d) = d**2. Let y(s) = f(s) + 4*m(s). Calculate y(-1).
0
Let i(o) = -4*o**2 + 1. Let s(p) be the first derivative of -p**3/3 + 5*p**2/2 + p - 1. Let r = 12 + -7. Let v be s(r). What is i(v)?
-3
Let o(u) = -18*u - 23*u + 44*u - 6*u**2 - 3. What is o(2)?
-21
Let t be (2/5 + 46/(-115))/4. Let o(r) be the second derivative of r**6/720 + r**5/120 - r**4/12 - r. Let n(m) be the third derivative of o(m). Determine n(t).
1
Let i be (-6)/(-9) - (-10)/(-6). Let c be i - (-2 + 2)/2. Let a(n) = n**2 + 2*n + 1. What is a(c)?
0
Let j(i) = -i**3 - 9*i**2 - 9*i - 5. Let q be j(-8). Let z(f) be the second derivative of -f**3/2 + f**2 - 3*f. Give z(q).
-7
Suppose 19 = 5*t - g, 3 = 5*t - 4*g - 13. Let r(u) be the second derivative of u**4/12 - u**3/2 - 5*u**2/2 - u. Calculate r(t).
-1
Suppose -10 = -4*p - 2*n, 5*p + n - 13 = p. Let h(a) = -1 + 0*a**2 - 2 - 3*a**2 + 4*a + 2*a**2. Give h(p).
-3
Let z(k) = k**3 - 2*k**2 - 3*k + 3. Let y = 16 - 10. Let p = y - 3. Give z(p).
3
Let b(r) be the second derivative of r**5/120 + r**4/24 - r**3/3 + 3*r. Let f(t) be the second derivative of b(t). What is f(4)?
5
Let h(y) = -14 + y**3 + 0*y + 0*y - 3*y**2 - 4*y + 9. What is h(4)?
-5
Let p(t) = 8 + 7*t + 1 - 13 + t**2 + 0*t**2. Give p(-8).
4
Let y(t) = t**3 + 4*t**2 - 5*t - 3. Suppose -2*q - 16 = 3*h, -h = -3*h - 4. Determine y(q).
-3
Let m(d) = -d**3 - 4*d**2 + 5*d. Let r = -7 + 2. What is m(r)?
0
Let a be (-1)/((-2)/(-4)) + 4. Let d be 48/9 - (-2)/(-6). Let y = a - d. Let q(f) = 3*f + 4. What is q(y)?
-5
Let o(v) be the second derivative of 1/2*v**2 + 1/2*v**4 + 0*v**3 - 4*v + 0. Let h be (-2)/6 - 4/6. Determine o(h).
7
Let y = -13 + 7. Let q = y + 8. Let b(p) = -2*p - q + 2*p**2 + 6 - 1. Calculate b(2).
7
Let x(p) = -p**2 + p + 3. Suppose 0 = -4*i + 16 - 4. Determine x(i).
-3
Let d(m) = 4 + 6 - m + 0 + 6. Determine d(0).
16
Let y = -1 + 1. Suppose 4*u + 0*u = y. Suppose -2*n + 3*n - 4 = u. Let k(g) = 2*g. What is k(n)?
8
Let w(z) be the first derivative of -z**5/20 - z**4/8 - z**3/3 + 3*z**2/2 - 2. Let a(x) be the second derivative of w(x). What is a(-2)?
-8
Let w(c) = 3*c**2 + c - 2. Let d be 12/20 + (-26)/10. Determine w(d).
8
Let d be (-21)/7*(-5)/3. Suppose -d*u = 3*h + 4, 6*h = h - 15. Let k(n) = -4 - n + 0 - u - 1. Calculate k(-3).
-3
Let y(w) = 0*w + 2*w + w + 4 + w. Give y(-3).
-8
Let t(h) = -h + 3. Suppose 2*f + 38 = 4*v, 4*f - 54 = -6*v + v. Suppose -o - o = v. Let x(r) = r**2 + 5*r + 6. Let p be x(o). Calculate t(p).
-3
Let w(v) = 5*v**2 - 3 - v - v**3 + 0*v**3 + 0*v. Let j be (15/(-45))/((16/(-60))/4). Give w(j).
-8
Let m(r) be the second derivative of r**3 + 3*r**2/2 + 2*r + 10. Determine m(-2).
-9
Let j = -43 + 38. Let d(k) be the first derivative of 1/4*k**4 + 4/3*k**3 - 3*k**2 - 2 + 3*k. Give d(j).
8
Let y = 3 + -2. Suppose -4*g - 3 = -15. Let s(c) = -7*c**3 + 2*c - c - c**g. Determine s(y).
-7
Suppose -4*z + 2*o = -3 - 41, 5*o = 5*z - 45. Suppose -3*w = -5*a - z, -5*w = 5*a - 0*w + 5. Let g be (-69)/15 + a/5. Let d(h) = -h**2 - 4*h - 3. Give d(g).
-8
Let v(z) = 4*z**3 + 7*z**2 - 6*z - 2. Let k(o) = o**3 + o**2 - 1. Let f(n) = 3*k(n) - v(n). Suppose 0 = 3*t + 22 - 7. Give f(t).
-6
Suppose -14 = -2*t + 10. Suppose 4*a + 2*o - t + 2 = 0, 0 = -5*a + 4*o - 7. Let h(s) = -3*s**3 + s**2 + s - 1. Give h(a).
-2
Let a(c) be the first derivative of 7*c**4/4 - c**3/3 + c**2/2 - 1. Determine a(1).
7
Let g(a) = -3*a - 30. Let c be g(-11). Let p(x) = 2*x + 3. Give p(c).
9
Suppose -13*a + 9*a = -8. Let z(d) be the first derivative of 1/2*d**2 - a + 1/3*d**3 + d. Determine z(-2).
3
Let l(w) = -w**2 + w - 2. Let n(b) = b - 10. Let z be n(13). Let a = -3 + z. Calculate l(a).
-2
Let w(y) = y**2 - 7*y + 4. Suppose 2*v - 8 + 0 = 0. What is w(v)?
-8
Let s(p) = p**3 - 4*p**2 + 2*p - 2. Let m = 30 - 27. Give s(m).
-5
Let c(r) = -r**3 - 6*r**2 + 6*r. Suppose -5*t = 4*y + 3, 1 = t + 4. Suppose -b = -u + 3 - 0, -2*u + 13 = -y*b. Calculate c(b).
7
Let v(c) be the first derivative of -c**7/280 - c**6/360 + c**4/24 - 2*c**3/3 - 4. Let l(d) be the third derivative of v(d). Let o = 6 + -7. Determine l(o).
3
Let c(a) = -a + 4. Let m(v) = -v**3 + 3*v**2 - v + 1. Let n be m(2). Suppose 2*g = l + 3*l, -g = n*l + 15. Determine c(g).
10
Let l(z) = -4*z**2 + z - 5. Suppose 5*r + 24 = 9. Let a(f) = -7*f**2 + 2*f - 11. Let b(x) = r*a(x) + 5*l(x). Calculate b(0).
8
Let t be (-2)/(-6)*(-120)/(-10). Suppose -t*o - 22 = -a, 21 = -a - a - 5*o. Let q(b) = -3*b**a + 4*b**2 + b**2. Give q(-2).
8
Suppose 6*t = 3*t + 6. Let n(w) = t*w - w + 2*w**2 + 1 - 7*w. Determine n(4).
9
Let s(f) = f**3 + 317*f - 159*f - 156*f + 3*f**2. What is s(-3)?
-6
Let a(o) = 10*o + 5. Let w be 7/(-14) + 18/4. Let n(i) be the third derivative of 11*i**4/24 + i**3 + i**2. Let u(j) = w*n(j) - 5*a(j). Determine u(1).
-7
Let a(h) = h**3 - 3*h**2 - 4*h + 2. Let d be a(4). Let r(x) = -d*x - 7 + x - x**2 - 5*x. Suppose 3*j + 0 = -18. Calculate r(j).
-7
Let l(b) be the first derivative of 0*b - 1 + 1/120*b**5 + 0*b**4 + 0*b**2 - b**3. Let r(x) be the third derivative of l(x). Determine r(-3).
-3
Let b(r) = 3 - 7*r + 0*r + 10*r - 2*r. What is b(-5)?
-2
Suppose -3*s = s. Suppose s*u = 5*u. Let j(h) = -3*h**2 + 3*h + 2. Let y(c) = -2*c**2 + 2*c + 1. Let r(k) = -5*j(k) + 7*y(k). What is r(u)?
-3
Let z(b) = -b**2 + 7*b - 4. Let o(c) = c**2 + 9*c + 5. Let v be o(-9). Give z(v).
6
Let x(j) be the second derivative of -j**4/12 + 2*j**3/3 + 2*j**2 - 4*j. Let u be x(5). Let c be (u - (3 + -9))/1. Let n(h) = h**3 - 5*h**2 + h + 3. Give n(c).
8
Let k(n) = n**2 + n - 4. Let p(h) = -h**2 + 10*h - 9. Let v = 20 + -11. Let o be p(v). Determine k(o).
-4
Let d(o) be the first derivative of o**3/3 + o**2 + 2*o + 36. Let a be 14/(-8) - 1/4. Calculate d(a).
2
Let r(x) = 3*x + 10 - 2*x + 4*x - 4*x. Let t be r(-8). Suppose 6*o = -2*j + 3*o + 7, -j + t*o = 0. Let k(y) = y**2 - 4*y + 1. Determine k(j).
-3
Let n(l) = -10 + 0*l - l - 4*l**3 + 5*l**3 - 4. What is n(0)?
-14
Let v(c) = c + 6. Let p be (-2)/(0 - 0 - -1). Let l be 1 - 4 - (-6 - -1). Let s = p + l. Calculate v(s).
6
Let p = 0 + -4. Let a(c) be the second derivative of c**5/120 + c**4/6 + c**3/3 - 3*c. Let y(m) be the second derivative of a(m). Determine y(p).
0
Let l(o) = -o**3 - 3*o**2 + 4*o. Let x be l(-4). Let b = -2 - x. Let r(q) = -2 - 2*q**2 + 3 - 2*q**3 + q**3 - 2*q. Determine r(b).
5
Let p(o) = -5*o**3 + 7*o**2 + 6*o + 1. Let i(f) = f**3 - f**2 - f. Let q(a) = -4*i(a) - p(a). Determine q(3).
-7
Let b(a) be the third derivative of a**5/60 - a**4/24 - a**3/3 - 2*a**2. Let f(g) =